te the greatest common divisor of 11107 and 382958253.
11107
What is the highest common factor of 68600 and 655?
5
What is the greatest common divisor of 156073265 and 392985?
14555
What is the greatest common divisor of 200 and 6127400?
200
Calculate the highest common factor of 87204 and 245219.
169
What is the greatest common factor of 2188804711 and 47?
47
What is the highest common factor of 106663067 and 334?
167
What is the highest common factor of 12766976 and 256?
256
Calculate the highest common divisor of 987 and 997647.
21
What is the greatest common factor of 62579125 and 250?
125
What is the highest common factor of 63 and 34001877?
21
What is the greatest common divisor of 47614 and 138738?
38
Calculate the greatest common factor of 132066012 and 156.
156
What is the greatest common divisor of 47021 and 460707?
13
What is the greatest common factor of 14 and 59475920?
14
What is the greatest common factor of 519600495 and 365?
365
What is the greatest common divisor of 21 and 724932789?
21
Calculate the greatest common factor of 168 and 374180016.
168
Calculate the greatest common divisor of 3630 and 17902.
2
Calculate the highest common factor of 710358 and 131904.
1374
Calculate the greatest common divisor of 739169595 and 45.
45
Calculate the greatest common divisor of 5872 and 105509564.
1468
Calculate the greatest common factor of 11315 and 661745.
365
Calculate the greatest common factor of 6025 and 10005115.
1205
What is the highest common factor of 7659758 and 34?
34
Calculate the highest common divisor of 36198986 and 1220.
122
Calculate the highest common divisor of 2788570208 and 4304.
4304
What is the greatest common factor of 29 and 944451584?
29
What is the greatest common factor of 6871218 and 516?
6
Calculate the highest common divisor of 2064133 and 348.
29
What is the highest common divisor of 13200 and 558811?
11
What is the highest common divisor of 99 and 112099317?
33
What is the greatest common factor of 14059 and 11441?
17
What is the greatest common divisor of 656 and 45711008?
16
What is the highest common divisor of 6416 and 654832?
16
What is the greatest common divisor of 658812 and 2170?
434
Calculate the highest common factor of 17 and 494091451.
17
What is the highest common divisor of 782284 and 1319008?
3508
What is the highest common divisor of 19705896 and 18480?
168
What is the highest common divisor of 261 and 210258?
9
Calculate the highest common divisor of 478618720 and 64.
32
What is the highest common divisor of 6273 and 839803?
41
What is the highest common divisor of 24 and 170537496?
24
What is the highest common factor of 4209 and 1139466?
69
Calculate the highest common divisor of 738280 and 328.
8
Calculate the highest common factor of 252200 and 2587.
13
What is the highest common factor of 160 and 22995120?
80
What is the highest common factor of 41508596 and 3205?
641
What is the greatest common factor of 37713 and 56472?
39
What is the greatest common factor of 24 and 409638?
6
What is the highest common factor of 1596636 and 1296?
36
What is the highest common factor of 52816 and 119664?
16
What is the greatest common divisor of 545426 and 3787?
7
What is the greatest common divisor of 1388427210 and 810?
270
What is the highest common factor of 25568216 and 26688?
1112
What is the greatest common divisor of 208 and 4490239?
13
What is the highest common factor of 43098 and 1125168?
66
Calculate the greatest common divisor of 1427196 and 10764.
276
Calculate the highest common divisor of 1536 and 854848.
64
Calculate the highest common factor of 9490 and 23118005.
365
What is the highest common divisor of 33 and 3768355272?
33
Calculate the highest common divisor of 562 and 179381970.
562
Calculate the greatest common factor of 216 and 11493522.
54
What is the highest common factor of 98 and 9696757?
49
Calculate the highest common divisor of 1214399 and 8917.
241
Calculate the highest common divisor of 20132 and 95326.
14
What is the greatest common factor of 348 and 14681?
1
What is the highest common factor of 6268 and 302007910?
3134
Calculate the highest common divisor of 279146 and 4046.
14
Calculate the greatest common divisor of 2369972 and 27572.
244
Calculate the greatest common divisor of 8683955 and 2632.
329
What is the highest common factor of 2688 and 11420352?
192
Calculate the highest common factor of 403216140 and 820.
820
Calculate the highest common factor of 1181788 and 43900.
1756
What is the highest common divisor of 78337 and 4009?
19
What is the highest common divisor of 55 and 33486395?
5
Calculate the greatest common factor of 248191668 and 24.
12
Calculate the highest common divisor of 5820 and 132910.
10
Calculate the greatest common divisor of 82 and 194665007.
41
Calculate the greatest common factor of 3951411 and 495219.
1149
Calculate the highest common divisor of 2322 and 33426.
54
What is the highest common factor of 3316188 and 161916?
1236
What is the highest common factor of 133772065 and 665?
665
Calculate the highest common factor of 66218 and 796374.
586
What is the highest common factor of 80 and 649820?
20
Calculate the greatest common divisor of 23433 and 813414.
321
Calculate the greatest common divisor of 4247 and 817501.
31
Calculate the greatest common divisor of 50 and 95008.
2
What is the greatest common factor of 450 and 2846225?
25
What is the greatest common factor of 1630 and 262684280?
1630
Calculate the highest common divisor of 15907271 and 240982.
2459
What is the highest common divisor of 398834504 and 2287?
2287
Calculate the greatest common divisor of 11160446 and 3234.
22
What is the greatest common divisor of 129759 and 2839?
167
What is the highest common divisor of 3729347 and 473?
43
What is the highest common divisor of 91386750 and 11536?
1442
What is the highest common divisor of 635703 and 22341?
2031
Calculate the highest common divisor of 93 and 77391624.
93
Calculate the greatest common factor of 750 and 2918000.
250
Calculate the highest common factor of 7525289 and 59761.
4597
Calculate the greatest common divisor of 72842 and 6853924.
1694
What is the highest common divisor of 128 and 1105712?
16
Calculate the highest common divisor of 94734 and 255760748.
10526
What is the greatest common factor of 559740045 and 255?
255
What is the greatest common factor of 9000 and 1045752?
24
What is the highest common factor of 2496 and 579210528?
1248
Calculate the greatest common factor of 12426887 and 33.
11
What is the greatest common divisor of 969 and 3201804?
57
Calculate the greatest common divisor of 2504 and 872644.
1252
What is the greatest common divisor of 4272 and 5512304?
1424
What is the highest common divisor of 52525834 and 26826?
526
What is the greatest common factor of 193108 and 6486?
46
Calculate the greatest common factor of 14674 and 891286.
638
Calculate the greatest common divisor of 1543584 and 5936.
112
Calculate the highest common divisor of 4104 and 874.
38
What is the greatest common divisor of 147646441 and 453?
151
What is the highest common factor of 105280 and 581?
7
Calculate the highest common divisor of 428 and 39750821.
107
What is the highest common factor of 646 and 3007757?
19
What is the highest common divisor of 37648 and 998517?
13
What is the greatest common divisor of 45 and 257498790?
15
Calculate the greatest common divisor of 2278514 and 42.
14
What is the greatest common factor of 8379 and 2311407?
1197
Calculate the greatest common factor of 4064029 and 47697.
1223
What is the greatest common divisor of 83749 and 123888?
89
What is the highest common factor of 91493636 and 52?
52
What is the greatest common factor of 201782348 and 3596?
3596
What is the greatest common divisor of 326005 and 1156885?
2885
What is the greatest common divisor of 144072 and 27608?
232
Calculate the greatest common divisor of 263378 and 5258.
478
Calculate the highest common factor of 18095 and 18196990.
1645
Calculate the greatest common factor of 13 and 2158156.
13
Calculate the greatest common factor of 226816 and 6656.
512
Calculate the greatest common factor of 21318 and 209695476.
1938
Calculate the greatest common divisor of 267288 and 149898.
1806
What is the highest co